Last updated on 2022-08-15 08:49:55 CEST.
Flavor | Version | Tinstall | Tcheck | Ttotal | Status | Flags |
---|---|---|---|---|---|---|
r-devel-linux-x86_64-debian-clang | 0.1.0 | 19.36 | 28.41 | 47.77 | OK | |
r-devel-linux-x86_64-debian-gcc | 0.1.0 | 18.02 | 22.04 | 40.06 | OK | |
r-devel-linux-x86_64-fedora-clang | 0.1.0 | 78.02 | NOTE | |||
r-devel-linux-x86_64-fedora-gcc | 0.1.0 | 73.95 | NOTE | |||
r-patched-linux-x86_64 | 0.1.0 | 20.05 | 27.84 | 47.89 | OK | |
r-release-linux-x86_64 | 0.1.0 | 16.75 | 27.80 | 44.55 | OK | |
r-release-macos-arm64 | 0.1.0 | 22.00 | OK | |||
r-release-macos-x86_64 | 0.1.0 | 32.00 | OK | |||
r-oldrel-macos-arm64 | 0.1.0 | 28.00 | OK | |||
r-oldrel-macos-x86_64 | 0.1.0 | 42.00 | OK |
Version: 0.1.0
Check: compiled code
Result: NOTE
File ‘exif/libs/exif.so’:
Found no calls to: ‘R_registerRoutines’, ‘R_useDynamicSymbols’
It is good practice to register native routines and to disable symbol
search.
See ‘Writing portable packages’ in the ‘Writing R Extensions’ manual.
Flavors: r-devel-linux-x86_64-fedora-clang, r-devel-linux-x86_64-fedora-gcc