Last updated on 2022-08-15 08:49:55 CEST.
Flavor | Version | Tinstall | Tcheck | Ttotal | Status | Flags |
---|---|---|---|---|---|---|
r-devel-linux-x86_64-debian-clang | 0.2.1 | 2.17 | 24.63 | 26.80 | OK | |
r-devel-linux-x86_64-debian-gcc | 0.2.1 | 1.72 | 19.67 | 21.39 | OK | |
r-devel-linux-x86_64-fedora-clang | 0.2.1 | 43.34 | NOTE | |||
r-devel-linux-x86_64-fedora-gcc | 0.2.1 | 43.00 | NOTE | |||
r-devel-windows-x86_64 | 0.2.1 | 19.00 | 50.00 | 69.00 | OK | |
r-patched-linux-x86_64 | 0.2.1 | 2.19 | 24.13 | 26.32 | OK | |
r-release-linux-x86_64 | 0.2.1 | 2.19 | 24.07 | 26.26 | OK | |
r-release-macos-arm64 | 0.2.1 | 18.00 | NOTE | |||
r-release-macos-x86_64 | 0.2.1 | 21.00 | NOTE | |||
r-release-windows-x86_64 | 0.2.1 | 8.00 | 49.00 | 57.00 | OK | |
r-oldrel-macos-arm64 | 0.2.1 | 22.00 | NOTE | |||
r-oldrel-macos-x86_64 | 0.2.1 | 21.00 | NOTE | |||
r-oldrel-windows-ix86+x86_64 | 0.2.1 | 5.00 | 47.00 | 52.00 | OK |
Version: 0.2.1
Check: dependencies in R code
Result: NOTE
Namespace in Imports field not imported from: ‘numDeriv’
All declared Imports should be used.
Flavors: r-devel-linux-x86_64-fedora-clang, r-devel-linux-x86_64-fedora-gcc, r-release-macos-arm64, r-release-macos-x86_64, r-oldrel-macos-arm64, r-oldrel-macos-x86_64