Last updated on 2022-08-15 08:49:55 CEST.
Flavor | Version | Tinstall | Tcheck | Ttotal | Status | Flags |
---|---|---|---|---|---|---|
r-devel-linux-x86_64-debian-clang | 1.2.1 | 8.67 | 101.60 | 110.27 | NOTE | |
r-devel-linux-x86_64-debian-gcc | 1.2.1 | 6.82 | 76.23 | 83.05 | NOTE | |
r-devel-linux-x86_64-fedora-clang | 1.2.1 | 141.38 | NOTE | |||
r-devel-linux-x86_64-fedora-gcc | 1.2.1 | 131.83 | NOTE | |||
r-devel-windows-x86_64 | 1.2.1 | 12.00 | 130.00 | 142.00 | NOTE | |
r-patched-linux-x86_64 | 1.2.1 | 8.09 | 93.48 | 101.57 | OK | |
r-release-linux-x86_64 | 1.2.1 | 6.67 | 94.90 | 101.57 | OK | |
r-release-macos-arm64 | 1.2.1 | 38.00 | OK | |||
r-release-macos-x86_64 | 1.2.1 | 75.00 | OK | |||
r-release-windows-x86_64 | 1.2.1 | 23.00 | 124.00 | 147.00 | OK | |
r-oldrel-macos-arm64 | 1.2.1 | 48.00 | OK | |||
r-oldrel-macos-x86_64 | 1.2.1 | 49.00 | OK | |||
r-oldrel-windows-ix86+x86_64 | 1.2.1 | 18.00 | 115.00 | 133.00 | OK |
Version: 1.2.1
Check: package subdirectories
Result: NOTE
Problems with news in 'NEWS.md':
Cannot extract version info from the following section titles:
Functions and objects (details)
Flavors: r-devel-linux-x86_64-debian-clang, r-devel-linux-x86_64-debian-gcc, r-devel-linux-x86_64-fedora-clang, r-devel-linux-x86_64-fedora-gcc, r-devel-windows-x86_64