Last updated on 2022-08-15 08:49:55 CEST.
Flavor | Version | Tinstall | Tcheck | Ttotal | Status | Flags |
---|---|---|---|---|---|---|
r-devel-linux-x86_64-debian-clang | 0.2.0 | 9.44 | 654.54 | 663.98 | NOTE | |
r-devel-linux-x86_64-debian-gcc | 0.2.0 | 7.20 | 461.44 | 468.64 | NOTE | |
r-devel-linux-x86_64-fedora-clang | 0.2.0 | 726.59 | NOTE | |||
r-devel-linux-x86_64-fedora-gcc | 0.2.0 | 737.12 | NOTE | |||
r-devel-windows-x86_64 | 0.2.0 | 79.00 | 658.00 | 737.00 | NOTE | |
r-patched-linux-x86_64 | 0.2.0 | 7.08 | 600.80 | 607.88 | OK | |
r-release-linux-x86_64 | 0.2.0 | 6.75 | 599.81 | 606.56 | OK | |
r-release-macos-arm64 | 0.2.0 | 156.00 | NOTE | |||
r-release-macos-x86_64 | 0.2.0 | 318.00 | NOTE | |||
r-release-windows-x86_64 | 0.2.0 | 68.00 | 645.00 | 713.00 | NOTE | |
r-oldrel-macos-arm64 | 0.2.0 | 168.00 | NOTE | |||
r-oldrel-macos-x86_64 | 0.2.0 | 202.00 | NOTE | |||
r-oldrel-windows-ix86+x86_64 | 0.2.0 | 22.00 | 723.00 | 745.00 | NOTE |
Version: 0.2.0
Check: package subdirectories
Result: NOTE
Problems with news in 'NEWS.md':
No news entries found.
Flavors: r-devel-linux-x86_64-debian-clang, r-devel-linux-x86_64-debian-gcc, r-devel-linux-x86_64-fedora-clang, r-devel-linux-x86_64-fedora-gcc, r-devel-windows-x86_64
Version: 0.2.0
Check: dependencies in R code
Result: NOTE
Namespace in Imports field not imported from: ‘rlang’
All declared Imports should be used.
Flavors: r-devel-linux-x86_64-fedora-clang, r-devel-linux-x86_64-fedora-gcc, r-release-macos-arm64, r-release-macos-x86_64, r-oldrel-macos-arm64, r-oldrel-macos-x86_64
Version: 0.2.0
Check: package dependencies
Result: NOTE
Package suggested but not available for checking: 'doMC'
Flavors: r-devel-windows-x86_64, r-release-windows-x86_64, r-oldrel-windows-ix86+x86_64