Last updated on 2022-08-15 08:49:56 CEST.
Flavor | Version | Tinstall | Tcheck | Ttotal | Status | Flags |
---|---|---|---|---|---|---|
r-devel-linux-x86_64-debian-clang | 1.0.3 | 31.80 | 93.75 | 125.55 | OK | |
r-devel-linux-x86_64-debian-gcc | 1.0.3 | 26.83 | 69.73 | 96.56 | OK | |
r-devel-linux-x86_64-fedora-clang | 1.0.3 | 171.20 | OK | |||
r-devel-linux-x86_64-fedora-gcc | 1.0.3 | 167.40 | OK | |||
r-devel-windows-x86_64 | 1.0.3 | 59.00 | 163.00 | 222.00 | OK | |
r-patched-linux-x86_64 | 1.0.3 | 32.57 | 86.12 | 118.69 | OK | |
r-release-linux-x86_64 | 1.0.3 | 26.18 | 86.91 | 113.09 | OK | |
r-release-macos-arm64 | 1.0.3 | 51.00 | OK | |||
r-release-macos-x86_64 | 1.0.3 | 72.00 | OK | |||
r-release-windows-x86_64 | 1.0.3 | 77.00 | 162.00 | 239.00 | OK | |
r-oldrel-macos-arm64 | 1.0.3 | 51.00 | OK | |||
r-oldrel-macos-x86_64 | 1.0.3 | 71.00 | OK | |||
r-oldrel-windows-ix86+x86_64 | 1.0.3 | 83.00 | 186.00 | 269.00 | NOTE |
Version: 1.0.3
Check: installed package size
Result: NOTE
installed size is 5.3Mb
sub-directories of 1Mb or more:
extdata 1.1Mb
libs 2.2Mb
Flavor: r-oldrel-windows-ix86+x86_64