Last updated on 2022-08-15 08:49:56 CEST.
Flavor | Version | Tinstall | Tcheck | Ttotal | Status | Flags |
---|---|---|---|---|---|---|
r-devel-linux-x86_64-debian-clang | 3042.83.1 | 23.84 | 173.15 | 196.99 | NOTE | |
r-devel-linux-x86_64-debian-gcc | 3042.83.1 | 19.63 | 127.34 | 146.97 | NOTE | |
r-devel-linux-x86_64-fedora-clang | 3042.83.1 | 248.03 | NOTE | |||
r-devel-linux-x86_64-fedora-gcc | 3042.83.1 | 252.63 | NOTE | |||
r-devel-windows-x86_64 | 3042.83.1 | 185.00 | 172.00 | 357.00 | NOTE | |
r-patched-linux-x86_64 | 3042.83.1 | 25.63 | 160.99 | 186.62 | NOTE | |
r-release-linux-x86_64 | 3042.83.1 | 23.78 | 164.57 | 188.35 | NOTE | |
r-release-macos-arm64 | 3042.83.1 | 55.00 | NOTE | |||
r-release-macos-x86_64 | 3042.83.1 | 104.00 | NOTE | |||
r-release-windows-x86_64 | 3042.83.1 | 203.00 | 171.00 | 374.00 | NOTE | |
r-oldrel-macos-arm64 | 3042.83.1 | 74.00 | NOTE | |||
r-oldrel-macos-x86_64 | 3042.83.1 | 91.00 | NOTE | |||
r-oldrel-windows-ix86+x86_64 | 3042.83.1 | 48.00 | 174.00 | 222.00 | NOTE |
Version: 3042.83.1
Check: package dependencies
Result: NOTE
Packages suggested but not available for checking:
'Rsocp', 'Rnlminb2', 'Rdonlp2'
Flavors: r-devel-linux-x86_64-debian-clang, r-devel-linux-x86_64-debian-gcc, r-devel-linux-x86_64-fedora-clang, r-devel-linux-x86_64-fedora-gcc, r-devel-windows-x86_64, r-patched-linux-x86_64, r-release-linux-x86_64, r-release-macos-arm64, r-release-macos-x86_64, r-release-windows-x86_64, r-oldrel-macos-x86_64, r-oldrel-windows-ix86+x86_64
Version: 3042.83.1
Check: package dependencies
Result: NOTE
Packages suggested but not available for checking:
'Rsocp', 'Rnlminb2', 'Rdonlp2', 'Rsymphony'
Flavor: r-oldrel-macos-arm64