Last updated on 2022-08-15 08:49:56 CEST.
Flavor | Version | Tinstall | Tcheck | Ttotal | Status | Flags |
---|---|---|---|---|---|---|
r-devel-linux-x86_64-debian-clang | 1.2.1 | 23.16 | 54.82 | 77.98 | OK | |
r-devel-linux-x86_64-debian-gcc | 1.2.1 | 17.12 | 38.64 | 55.76 | OK | |
r-devel-linux-x86_64-fedora-clang | 1.2.1 | 107.60 | OK | |||
r-devel-linux-x86_64-fedora-gcc | 1.2.1 | 100.43 | OK | |||
r-devel-windows-x86_64 | 1.2.1 | 24.00 | 98.00 | 122.00 | OK | |
r-patched-linux-x86_64 | 1.2.1 | 19.58 | 50.68 | 70.26 | OK | |
r-release-linux-x86_64 | 1.2.1 | 20.34 | 51.06 | 71.40 | OK | |
r-release-macos-arm64 | 1.2.1 | 33.00 | OK | |||
r-release-macos-x86_64 | 1.2.1 | 11.00 | ERROR | |||
r-release-windows-x86_64 | 1.2.1 | 23.00 | 103.00 | 126.00 | OK | |
r-oldrel-macos-arm64 | 1.2.1 | 37.00 | OK | |||
r-oldrel-macos-x86_64 | 1.2.1 | 34.00 | ERROR | |||
r-oldrel-windows-ix86+x86_64 | 1.2.1 | 52.00 | 98.00 | 150.00 | OK |
Version: 1.2.1
Check: whether package can be installed
Result: ERROR
Installation failed.
Flavors: r-release-macos-x86_64, r-oldrel-macos-x86_64