Last updated on 2022-08-15 08:49:56 CEST.
Flavor | Version | Tinstall | Tcheck | Ttotal | Status | Flags |
---|---|---|---|---|---|---|
r-devel-linux-x86_64-debian-clang | 3042.79 | 5.79 | 58.78 | 64.57 | NOTE | |
r-devel-linux-x86_64-debian-gcc | 3042.79 | 3.96 | 44.67 | 48.63 | NOTE | |
r-devel-linux-x86_64-fedora-clang | 3042.79 | 87.81 | NOTE | |||
r-devel-linux-x86_64-fedora-gcc | 3042.79 | 86.14 | NOTE | |||
r-devel-windows-x86_64 | 3042.79 | 24.00 | 77.00 | 101.00 | NOTE | |
r-patched-linux-x86_64 | 3042.79 | 6.59 | 57.42 | 64.01 | NOTE | |
r-release-linux-x86_64 | 3042.79 | 5.20 | 56.70 | 61.90 | NOTE | |
r-release-macos-arm64 | 3042.79 | 26.00 | NOTE | |||
r-release-macos-x86_64 | 3042.79 | 36.00 | NOTE | |||
r-release-windows-x86_64 | 3042.79 | 25.00 | 81.00 | 106.00 | NOTE | |
r-oldrel-macos-arm64 | 3042.79 | 31.00 | NOTE | |||
r-oldrel-macos-x86_64 | 3042.79 | 50.00 | NOTE | |||
r-oldrel-windows-ix86+x86_64 | 3042.79 | 14.00 | 79.00 | 93.00 | NOTE |
Version: 3042.79
Check: LazyData
Result: NOTE
'LazyData' is specified without a 'data' directory
Flavors: r-devel-linux-x86_64-debian-clang, r-devel-linux-x86_64-debian-gcc, r-devel-linux-x86_64-fedora-clang, r-devel-linux-x86_64-fedora-gcc, r-devel-windows-x86_64, r-patched-linux-x86_64, r-release-linux-x86_64, r-release-macos-arm64, r-release-macos-x86_64, r-release-windows-x86_64, r-oldrel-macos-arm64, r-oldrel-macos-x86_64, r-oldrel-windows-ix86+x86_64