Last updated on 2022-08-15 08:49:55 CEST.
Flavor | Version | Tinstall | Tcheck | Ttotal | Status | Flags |
---|---|---|---|---|---|---|
r-devel-linux-x86_64-debian-clang | 0.2 | 2.67 | 33.69 | 36.36 | NOTE | |
r-devel-linux-x86_64-debian-gcc | 0.2 | 2.13 | 24.85 | 26.98 | NOTE | |
r-devel-linux-x86_64-fedora-clang | 0.2 | 54.44 | NOTE | |||
r-devel-linux-x86_64-fedora-gcc | 0.2 | 52.89 | NOTE | |||
r-devel-windows-x86_64 | 0.2 | 12.00 | 57.00 | 69.00 | NOTE | |
r-patched-linux-x86_64 | 0.2 | 2.84 | 32.30 | 35.14 | OK | |
r-release-linux-x86_64 | 0.2 | 2.52 | 32.68 | 35.20 | OK | |
r-release-macos-arm64 | 0.2 | 15.00 | OK | |||
r-release-macos-x86_64 | 0.2 | 24.00 | OK | |||
r-release-windows-x86_64 | 0.2 | 10.00 | 55.00 | 65.00 | OK | |
r-oldrel-macos-arm64 | 0.2 | 19.00 | OK | |||
r-oldrel-macos-x86_64 | 0.2 | 30.00 | OK | |||
r-oldrel-windows-ix86+x86_64 | 0.2 | 6.00 | 55.00 | 61.00 | OK |
Version: 0.2
Check: package subdirectories
Result: NOTE
Problems with news in 'NEWS.md':
No news entries found.
Flavors: r-devel-linux-x86_64-debian-clang, r-devel-linux-x86_64-debian-gcc, r-devel-linux-x86_64-fedora-clang, r-devel-linux-x86_64-fedora-gcc, r-devel-windows-x86_64