Last updated on 2022-08-15 08:49:55 CEST.
Flavor | Version | Tinstall | Tcheck | Ttotal | Status | Flags |
---|---|---|---|---|---|---|
r-devel-linux-x86_64-debian-clang | 0.2.0 | 7.91 | 77.81 | 85.72 | NOTE | |
r-devel-linux-x86_64-debian-gcc | 0.2.0 | 6.79 | 58.59 | 65.38 | NOTE | |
r-devel-linux-x86_64-fedora-clang | 0.2.0 | 113.69 | NOTE | |||
r-devel-linux-x86_64-fedora-gcc | 0.2.0 | 110.58 | NOTE | |||
r-devel-windows-x86_64 | 0.2.0 | 37.00 | 101.00 | 138.00 | NOTE | |
r-patched-linux-x86_64 | 0.2.0 | 9.19 | 74.08 | 83.27 | OK | |
r-release-linux-x86_64 | 0.2.0 | 8.14 | 73.66 | 81.80 | OK | |
r-release-macos-arm64 | 0.2.0 | 34.00 | OK | |||
r-release-macos-x86_64 | 0.2.0 | 50.00 | OK | |||
r-release-windows-x86_64 | 0.2.0 | 11.00 | 108.00 | 119.00 | OK | |
r-oldrel-macos-arm64 | 0.2.0 | 43.00 | OK | |||
r-oldrel-macos-x86_64 | 0.2.0 | 62.00 | OK | |||
r-oldrel-windows-ix86+x86_64 | 0.2.0 | 17.00 | 100.00 | 117.00 | OK |
Version: 0.2.0
Check: package subdirectories
Result: NOTE
Problems with news in 'NEWS.md':
Cannot extract version info from the following section titles:
minor changes
Flavors: r-devel-linux-x86_64-debian-clang, r-devel-linux-x86_64-debian-gcc, r-devel-linux-x86_64-fedora-clang, r-devel-linux-x86_64-fedora-gcc, r-devel-windows-x86_64