Last updated on 2022-08-15 08:49:55 CEST.
Flavor | Version | Tinstall | Tcheck | Ttotal | Status | Flags |
---|---|---|---|---|---|---|
r-devel-linux-x86_64-debian-clang | 1.0 | 2.61 | 45.97 | 48.58 | OK | |
r-devel-linux-x86_64-debian-gcc | 1.0 | 1.94 | 33.21 | 35.15 | OK | |
r-devel-linux-x86_64-fedora-clang | 1.0 | 69.12 | NOTE | |||
r-devel-linux-x86_64-fedora-gcc | 1.0 | 65.00 | NOTE | |||
r-devel-windows-x86_64 | 1.0 | 9.00 | 75.00 | 84.00 | OK | |
r-patched-linux-x86_64 | 1.0 | 2.46 | 42.71 | 45.17 | OK | |
r-release-linux-x86_64 | 1.0 | 2.03 | 43.31 | 45.34 | OK | |
r-release-macos-arm64 | 1.0 | 21.00 | NOTE | |||
r-release-macos-x86_64 | 1.0 | 39.00 | NOTE | |||
r-release-windows-x86_64 | 1.0 | 11.00 | 78.00 | 89.00 | OK | |
r-oldrel-macos-arm64 | 1.0 | 26.00 | NOTE | |||
r-oldrel-macos-x86_64 | 1.0 | 30.00 | NOTE | |||
r-oldrel-windows-ix86+x86_64 | 1.0 | 7.00 | 71.00 | 78.00 | OK |
Version: 1.0
Check: dependencies in R code
Result: NOTE
Namespace in Imports field not imported from: ‘dplyr’
All declared Imports should be used.
Flavors: r-devel-linux-x86_64-fedora-clang, r-devel-linux-x86_64-fedora-gcc, r-release-macos-arm64, r-release-macos-x86_64, r-oldrel-macos-arm64, r-oldrel-macos-x86_64