Last updated on 2022-08-15 08:49:55 CEST.
Flavor | Version | Tinstall | Tcheck | Ttotal | Status | Flags |
---|---|---|---|---|---|---|
r-devel-linux-x86_64-debian-clang | 1.0.0 | 3.20 | 55.31 | 58.51 | OK | |
r-devel-linux-x86_64-debian-gcc | 1.0.0 | 2.69 | 43.79 | 46.48 | OK | |
r-devel-linux-x86_64-fedora-clang | 1.0.0 | 79.91 | NOTE | |||
r-devel-linux-x86_64-fedora-gcc | 1.0.0 | 82.14 | NOTE | |||
r-devel-windows-x86_64 | 1.0.0 | 15.00 | 80.00 | 95.00 | OK | |
r-patched-linux-x86_64 | 1.0.0 | 2.96 | 51.12 | 54.08 | OK | |
r-release-linux-x86_64 | 1.0.0 | 2.61 | 51.96 | 54.57 | OK | |
r-release-macos-arm64 | 1.0.0 | 27.00 | NOTE | |||
r-release-macos-x86_64 | 1.0.0 | 33.00 | NOTE | |||
r-release-windows-x86_64 | 1.0.0 | 13.00 | 80.00 | 93.00 | OK | |
r-oldrel-macos-arm64 | 1.0.0 | 28.00 | NOTE | |||
r-oldrel-macos-x86_64 | 1.0.0 | 34.00 | NOTE | |||
r-oldrel-windows-ix86+x86_64 | 1.0.0 | 11.00 | 85.00 | 96.00 | OK |
Version: 1.0.0
Check: dependencies in R code
Result: NOTE
Namespace in Imports field not imported from: ‘Rdpack’
All declared Imports should be used.
Flavors: r-devel-linux-x86_64-fedora-clang, r-devel-linux-x86_64-fedora-gcc, r-release-macos-arm64, r-release-macos-x86_64, r-oldrel-macos-arm64, r-oldrel-macos-x86_64