Last updated on 2022-08-15 08:49:55 CEST.
Flavor | Version | Tinstall | Tcheck | Ttotal | Status | Flags |
---|---|---|---|---|---|---|
r-devel-linux-x86_64-debian-clang | 0.7.6 | 13.05 | 100.78 | 113.83 | NOTE | |
r-devel-linux-x86_64-debian-gcc | 0.7.6 | 10.37 | 77.60 | 87.97 | NOTE | |
r-devel-linux-x86_64-fedora-clang | 0.7.6 | 148.44 | NOTE | |||
r-devel-linux-x86_64-fedora-gcc | 0.7.6 | 156.28 | NOTE | |||
r-devel-windows-x86_64 | 0.7.6 | 32.00 | 118.00 | 150.00 | NOTE | |
r-patched-linux-x86_64 | 0.7.6 | 10.42 | 96.58 | 107.00 | OK | |
r-release-linux-x86_64 | 0.7.6 | 11.73 | 97.72 | 109.45 | OK | |
r-release-macos-arm64 | 0.7.6 | 42.00 | OK | |||
r-release-macos-x86_64 | 0.7.6 | 71.00 | OK | |||
r-release-windows-x86_64 | 0.7.6 | 32.00 | 119.00 | 151.00 | OK | |
r-oldrel-macos-arm64 | 0.7.6 | 59.00 | OK | |||
r-oldrel-macos-x86_64 | 0.7.6 | 104.00 | OK | |||
r-oldrel-windows-ix86+x86_64 | 0.7.6 | 28.00 | 114.00 | 142.00 | OK |
Version: 0.7.6
Check: package subdirectories
Result: NOTE
Problems with news in 'NEWS.md':
No news entries found.
Flavors: r-devel-linux-x86_64-debian-clang, r-devel-linux-x86_64-debian-gcc, r-devel-linux-x86_64-fedora-clang, r-devel-linux-x86_64-fedora-gcc, r-devel-windows-x86_64