Last updated on 2022-08-15 08:49:55 CEST.
Flavor | Version | Tinstall | Tcheck | Ttotal | Status | Flags |
---|---|---|---|---|---|---|
r-devel-linux-x86_64-debian-clang | 0.6-5 | 5.77 | 40.77 | 46.54 | NOTE | |
r-devel-linux-x86_64-debian-gcc | 0.6-6 | 4.96 | 30.76 | 35.72 | OK | |
r-devel-linux-x86_64-fedora-clang | 0.6-6 | 70.66 | OK | |||
r-devel-linux-x86_64-fedora-gcc | 0.6-6 | 68.55 | OK | |||
r-devel-windows-x86_64 | 0.6-6 | 21.00 | 86.00 | 107.00 | OK | |
r-patched-linux-x86_64 | 0.6-5 | 6.33 | 38.21 | 44.54 | OK | |
r-release-linux-x86_64 | 0.6-6 | 6.04 | 37.47 | 43.51 | OK | |
r-release-macos-arm64 | 0.6-6 | 19.00 | OK | |||
r-release-macos-x86_64 | 0.6-5 | 27.00 | OK | |||
r-release-windows-x86_64 | 0.6-6 | 14.00 | 63.00 | 77.00 | OK | |
r-oldrel-macos-arm64 | 0.6-6 | 19.00 | OK | |||
r-oldrel-macos-x86_64 | 0.6-5 | 35.00 | OK | |||
r-oldrel-windows-ix86+x86_64 | 0.6-5 | 12.00 | 70.00 | 82.00 | OK |
Version: 0.6-5
Check: HTML version of manual
Result: NOTE
Found the following math rendering problems:
simul.far.Rd:51-57: Unknown column alignment: [ in ...t(\begin{array}[c]{lc}%
\co...
simul.far.Rd:82-88: Unknown column alignment: [ in ...t(\begin{array}[c]{lc}%
m_2...
simul.far.wiener.Rd:34-40: Unknown column alignment: [ in ...t(\begin{array}[c]{lc}%
\co...
simul.farx.Rd:81-87: Unknown column alignment: [ in ...t(\begin{array}[c]{lc}%
d.r...
simul.farx.Rd:109-115: Unknown column alignment: [ in ...t(\begin{array}[c]{lc}%
alp...
Flavor: r-devel-linux-x86_64-debian-clang