Last updated on 2022-08-15 08:49:55 CEST.
Flavor | Version | Tinstall | Tcheck | Ttotal | Status | Flags |
---|---|---|---|---|---|---|
r-devel-linux-x86_64-debian-clang | 1.1.1 | 6.75 | 46.94 | 53.69 | OK | |
r-devel-linux-x86_64-debian-gcc | 1.1.1 | 5.47 | 34.65 | 40.12 | OK | |
r-devel-linux-x86_64-fedora-clang | 1.1.1 | 76.37 | NOTE | |||
r-devel-linux-x86_64-fedora-gcc | 1.1.1 | 72.31 | OK | |||
r-devel-windows-x86_64 | 1.1.1 | 12.00 | 73.00 | 85.00 | OK | |
r-patched-linux-x86_64 | 1.1.1 | 6.38 | 43.76 | 50.14 | OK | |
r-release-linux-x86_64 | 1.1.1 | 6.73 | 43.41 | 50.14 | OK | |
r-release-macos-arm64 | 1.1.1 | 23.00 | OK | |||
r-release-macos-x86_64 | 1.1.1 | 48.00 | NOTE | |||
r-release-windows-x86_64 | 1.1.1 | 19.00 | 71.00 | 90.00 | OK | |
r-oldrel-macos-arm64 | 1.1.1 | 26.00 | OK | |||
r-oldrel-macos-x86_64 | 1.1.1 | 37.00 | OK | |||
r-oldrel-windows-ix86+x86_64 | 1.1.1 | 18.00 | 77.00 | 95.00 | OK |
Version: 1.1.1
Check: Rd cross-references
Result: NOTE
Undeclared package ‘RWeka’ in Rd xrefs
Flavor: r-devel-linux-x86_64-fedora-clang
Version: 1.1.1
Check: Rd cross-references
Result: NOTE
Package unavailable to check Rd xrefs: ‘RWeka’
Flavor: r-release-macos-x86_64