Last updated on 2022-08-15 08:49:55 CEST.
Flavor | Version | Tinstall | Tcheck | Ttotal | Status | Flags |
---|---|---|---|---|---|---|
r-devel-linux-x86_64-debian-clang | 1.0.0 | 41.69 | 35.25 | 76.94 | NOTE | |
r-devel-linux-x86_64-debian-gcc | 1.0.0 | 34.41 | 26.68 | 61.09 | NOTE | |
r-devel-linux-x86_64-fedora-clang | 1.0.0 | 121.03 | NOTE | |||
r-devel-linux-x86_64-fedora-gcc | 1.0.0 | 109.47 | NOTE | |||
r-devel-windows-x86_64 | 1.0.0 | 48.00 | 79.00 | 127.00 | NOTE | |
r-patched-linux-x86_64 | 1.0.0 | 35.98 | 33.08 | 69.06 | NOTE | |
r-release-linux-x86_64 | 1.0.0 | 36.58 | 33.83 | 70.41 | NOTE | |
r-release-macos-arm64 | 1.0.0 | 28.00 | NOTE | |||
r-release-macos-x86_64 | 1.0.0 | 40.00 | NOTE | |||
r-release-windows-x86_64 | 1.0.0 | 69.00 | 82.00 | 151.00 | NOTE | |
r-oldrel-macos-arm64 | 1.0.0 | 34.00 | NOTE | |||
r-oldrel-macos-x86_64 | 1.0.0 | 52.00 | NOTE | |||
r-oldrel-windows-ix86+x86_64 | 1.0.0 | 106.00 | 86.00 | 192.00 | NOTE |
Version: 1.0.0
Check: LazyData
Result: NOTE
'LazyData' is specified without a 'data' directory
Flavors: r-devel-linux-x86_64-debian-clang, r-devel-linux-x86_64-debian-gcc, r-devel-linux-x86_64-fedora-clang, r-devel-linux-x86_64-fedora-gcc, r-devel-windows-x86_64, r-patched-linux-x86_64, r-release-linux-x86_64, r-release-macos-arm64, r-release-macos-x86_64, r-release-windows-x86_64, r-oldrel-macos-arm64, r-oldrel-macos-x86_64, r-oldrel-windows-ix86+x86_64
Version: 1.0.0
Check: compiled code
Result: NOTE
File ‘fastAdaboost/libs/fastAdaboost.so’:
Found no calls to: ‘R_registerRoutines’, ‘R_useDynamicSymbols’
It is good practice to register native routines and to disable symbol
search.
See ‘Writing portable packages’ in the ‘Writing R Extensions’ manual.
Flavors: r-devel-linux-x86_64-fedora-clang, r-devel-linux-x86_64-fedora-gcc