Last updated on 2022-08-15 08:49:55 CEST.
Flavor | Version | Tinstall | Tcheck | Ttotal | Status | Flags |
---|---|---|---|---|---|---|
r-devel-linux-x86_64-debian-clang | 1.6.3 | 2.54 | 35.86 | 38.40 | NOTE | |
r-devel-linux-x86_64-debian-gcc | 1.6.3 | 1.69 | 26.69 | 28.38 | NOTE | |
r-devel-linux-x86_64-fedora-clang | 1.6.3 | 55.83 | NOTE | |||
r-devel-linux-x86_64-fedora-gcc | 1.6.3 | 54.55 | NOTE | |||
r-devel-windows-x86_64 | 1.6.3 | 20.00 | 64.00 | 84.00 | NOTE | |
r-patched-linux-x86_64 | 1.6.3 | 2.52 | 33.95 | 36.47 | NOTE | |
r-release-linux-x86_64 | 1.6.3 | 2.31 | 33.37 | 35.68 | NOTE | |
r-release-macos-arm64 | 1.6.3 | 20.00 | NOTE | |||
r-release-macos-x86_64 | 1.6.3 | 26.00 | NOTE | |||
r-release-windows-x86_64 | 1.6.3 | 24.00 | 67.00 | 91.00 | NOTE | |
r-oldrel-macos-arm64 | 1.6.3 | 23.00 | NOTE | |||
r-oldrel-macos-x86_64 | 1.6.3 | 37.00 | NOTE | |||
r-oldrel-windows-ix86+x86_64 | 1.6.3 | 6.00 | 54.00 | 60.00 | NOTE |
Version: 1.6.3
Check: LazyData
Result: NOTE
'LazyData' is specified without a 'data' directory
Flavors: r-devel-linux-x86_64-debian-clang, r-devel-linux-x86_64-debian-gcc, r-devel-linux-x86_64-fedora-clang, r-devel-linux-x86_64-fedora-gcc, r-devel-windows-x86_64, r-patched-linux-x86_64, r-release-linux-x86_64, r-release-macos-arm64, r-release-macos-x86_64, r-release-windows-x86_64, r-oldrel-macos-arm64, r-oldrel-macos-x86_64, r-oldrel-windows-ix86+x86_64