Last updated on 2022-08-15 08:49:56 CEST.
Flavor | Version | Tinstall | Tcheck | Ttotal | Status | Flags |
---|---|---|---|---|---|---|
r-devel-linux-x86_64-debian-clang | 1.2.2 | 16.67 | 160.29 | 176.96 | NOTE | |
r-devel-linux-x86_64-debian-gcc | 1.2.2 | 13.29 | 118.97 | 132.26 | NOTE | |
r-devel-linux-x86_64-fedora-clang | 1.2.2 | 215.93 | NOTE | |||
r-devel-linux-x86_64-fedora-gcc | 1.2.2 | 227.12 | NOTE | |||
r-devel-windows-x86_64 | 1.2.2 | 141.00 | 211.00 | 352.00 | NOTE | |
r-patched-linux-x86_64 | 1.2.2 | 24.74 | 147.47 | 172.21 | OK | |
r-release-linux-x86_64 | 1.2.2 | 18.91 | 146.43 | 165.34 | OK | |
r-release-macos-arm64 | 1.2.2 | 64.00 | OK | |||
r-release-macos-x86_64 | 1.2.2 | 107.00 | OK | |||
r-release-windows-x86_64 | 1.2.2 | 266.00 | 219.00 | 485.00 | OK | |
r-oldrel-macos-arm64 | 1.2.2 | 69.00 | OK | |||
r-oldrel-macos-x86_64 | 1.2.2 | 84.00 | OK | |||
r-oldrel-windows-ix86+x86_64 | 1.2.2 | 45.00 | 188.00 | 233.00 | OK |
Version: 1.2.2
Check: Rd files
Result: NOTE
checkRd: (-1) Scent.Rd:37: Escaped LaTeX specials: \&
checkRd: (-1) Traffic.Rd:44: Escaped LaTeX specials: \&
Flavors: r-devel-linux-x86_64-debian-clang, r-devel-linux-x86_64-debian-gcc, r-devel-linux-x86_64-fedora-clang, r-devel-linux-x86_64-fedora-gcc, r-devel-windows-x86_64