Last updated on 2022-08-15 08:49:56 CEST.
Flavor | Version | Tinstall | Tcheck | Ttotal | Status | Flags |
---|---|---|---|---|---|---|
r-devel-linux-x86_64-debian-clang | 1.0.2 | 67.61 | 87.25 | 154.86 | OK | |
r-devel-linux-x86_64-debian-gcc | 1.0.2 | 48.21 | 64.71 | 112.92 | OK | |
r-devel-linux-x86_64-fedora-clang | 1.0.2 | 220.03 | OK | |||
r-devel-linux-x86_64-fedora-gcc | 1.0.2 | 195.65 | OK | |||
r-devel-windows-x86_64 | 1.0.2 | 117.00 | 177.00 | 294.00 | OK | |
r-patched-linux-x86_64 | 1.0.2 | 55.29 | 80.76 | 136.05 | OK | |
r-release-linux-x86_64 | 1.0.2 | 56.45 | 82.31 | 138.76 | OK | |
r-release-macos-arm64 | 1.0.2 | 53.00 | NOTE | |||
r-release-macos-x86_64 | 1.0.2 | 116.00 | NOTE | |||
r-release-windows-x86_64 | 1.0.2 | 140.00 | 188.00 | 328.00 | OK | |
r-oldrel-macos-arm64 | 1.0.2 | 58.00 | NOTE | |||
r-oldrel-macos-x86_64 | 1.0.2 | 87.00 | NOTE | |||
r-oldrel-windows-ix86+x86_64 | 1.0.2 | 161.00 | 215.00 | 376.00 | NOTE |
Version: 1.0.2
Check: installed package size
Result: NOTE
installed size is 6.5Mb
sub-directories of 1Mb or more:
doc 1.7Mb
libs 3.8Mb
Flavors: r-release-macos-arm64, r-release-macos-x86_64, r-oldrel-macos-arm64, r-oldrel-macos-x86_64, r-oldrel-windows-ix86+x86_64