Last updated on 2022-08-15 08:49:55 CEST.
Flavor | Version | Tinstall | Tcheck | Ttotal | Status | Flags |
---|---|---|---|---|---|---|
r-devel-linux-x86_64-debian-clang | 2.2.0 | 26.58 | 242.20 | 268.78 | OK | |
r-devel-linux-x86_64-debian-gcc | 2.2.0 | 21.28 | 184.69 | 205.97 | OK | |
r-devel-linux-x86_64-fedora-clang | 2.2.0 | 399.58 | NOTE | |||
r-devel-linux-x86_64-fedora-gcc | 2.2.0 | 370.89 | OK | |||
r-devel-windows-x86_64 | 2.2.0 | 171.00 | 372.00 | 543.00 | NOTE | |
r-patched-linux-x86_64 | 2.2.0 | 35.16 | 220.58 | 255.74 | OK | |
r-release-linux-x86_64 | 2.2.0 | 28.59 | 219.71 | 248.30 | OK | |
r-release-macos-arm64 | 2.2.0 | 103.00 | NOTE | |||
r-release-macos-x86_64 | 2.2.0 | 174.00 | NOTE | |||
r-release-windows-x86_64 | 2.2.0 | 286.00 | 393.00 | 679.00 | NOTE | |
r-oldrel-macos-arm64 | 2.2.0 | 95.00 | NOTE | |||
r-oldrel-macos-x86_64 | 2.2.0 | 158.00 | NOTE | |||
r-oldrel-windows-ix86+x86_64 | 2.2.0 | 64.00 | 328.00 | 392.00 | NOTE |
Version: 2.2.0
Check: installed package size
Result: NOTE
installed size is 5.1Mb
sub-directories of 1Mb or more:
doc 3.0Mb
help 1.2Mb
Flavors: r-devel-linux-x86_64-fedora-clang, r-devel-windows-x86_64, r-release-macos-arm64, r-release-macos-x86_64, r-release-windows-x86_64, r-oldrel-macos-arm64, r-oldrel-macos-x86_64, r-oldrel-windows-ix86+x86_64