Last updated on 2022-08-15 08:49:55 CEST.
Flavor | Version | Tinstall | Tcheck | Ttotal | Status | Flags |
---|---|---|---|---|---|---|
r-devel-linux-x86_64-debian-clang | 1.1.2 | 60.84 | 32.41 | 93.25 | OK | |
r-devel-linux-x86_64-debian-gcc | 1.1.2 | 46.62 | 24.87 | 71.49 | OK | |
r-devel-linux-x86_64-fedora-clang | 1.1.2 | 138.13 | OK | |||
r-devel-linux-x86_64-fedora-gcc | 1.1.2 | 126.84 | OK | |||
r-devel-windows-x86_64 | 1.1.2 | 65.00 | 76.00 | 141.00 | OK | |
r-patched-linux-x86_64 | 1.1.2 | 52.03 | 31.16 | 83.19 | OK | |
r-release-linux-x86_64 | 1.1.2 | 51.02 | 30.98 | 82.00 | OK | |
r-release-macos-arm64 | 1.1.2 | 34.00 | NOTE | |||
r-release-macos-x86_64 | 1.1.2 | 45.00 | NOTE | |||
r-release-windows-x86_64 | 1.1.2 | 66.00 | 80.00 | 146.00 | OK | |
r-oldrel-macos-arm64 | 1.1.2 | 37.00 | NOTE | |||
r-oldrel-macos-x86_64 | 1.1.2 | 57.00 | NOTE | |||
r-oldrel-windows-ix86+x86_64 | 1.1.2 | 148.00 | 80.00 | 228.00 | NOTE |
Version: 1.1.2
Check: installed package size
Result: NOTE
installed size is 5.8Mb
sub-directories of 1Mb or more:
data 3.1Mb
libs 2.6Mb
Flavors: r-release-macos-arm64, r-release-macos-x86_64, r-oldrel-macos-arm64, r-oldrel-macos-x86_64, r-oldrel-windows-ix86+x86_64