Last updated on 2022-08-15 08:49:56 CEST.
Flavor | Version | Tinstall | Tcheck | Ttotal | Status | Flags |
---|---|---|---|---|---|---|
r-devel-linux-x86_64-debian-clang | 1.0.0 | 5.24 | 44.47 | 49.71 | NOTE | |
r-devel-linux-x86_64-debian-gcc | 1.0.0 | 4.82 | 33.84 | 38.66 | NOTE | |
r-devel-linux-x86_64-fedora-clang | 1.0.0 | 70.99 | NOTE | |||
r-devel-linux-x86_64-fedora-gcc | 1.0.0 | 67.21 | NOTE | |||
r-devel-windows-x86_64 | 1.0.0 | 9.00 | 70.00 | 79.00 | NOTE | |
r-patched-linux-x86_64 | 1.0.0 | 4.83 | 41.50 | 46.33 | NOTE | |
r-release-linux-x86_64 | 1.0.0 | 5.23 | 42.25 | 47.48 | NOTE | |
r-release-macos-arm64 | 1.0.0 | 22.00 | NOTE | |||
r-release-macos-x86_64 | 1.0.0 | 40.00 | NOTE | |||
r-release-windows-x86_64 | 1.0.0 | 24.00 | 70.00 | 94.00 | NOTE | |
r-oldrel-macos-arm64 | 1.0.0 | 27.00 | NOTE | |||
r-oldrel-macos-x86_64 | 1.0.0 | 40.00 | NOTE | |||
r-oldrel-windows-ix86+x86_64 | 1.0.0 | 14.00 | 64.00 | 78.00 | NOTE |
Version: 1.0.0
Check: LazyData
Result: NOTE
'LazyData' is specified without a 'data' directory
Flavors: r-devel-linux-x86_64-debian-clang, r-devel-linux-x86_64-debian-gcc, r-devel-linux-x86_64-fedora-clang, r-devel-linux-x86_64-fedora-gcc, r-devel-windows-x86_64, r-patched-linux-x86_64, r-release-linux-x86_64, r-release-macos-arm64, r-release-macos-x86_64, r-release-windows-x86_64, r-oldrel-macos-arm64, r-oldrel-macos-x86_64, r-oldrel-windows-ix86+x86_64