Last updated on 2022-08-15 08:49:56 CEST.
Flavor | Version | Tinstall | Tcheck | Ttotal | Status | Flags |
---|---|---|---|---|---|---|
r-devel-linux-x86_64-debian-clang | 0.1.2 | 7.43 | 100.43 | 107.86 | NOTE | |
r-devel-linux-x86_64-debian-gcc | 0.1.2 | 5.40 | 73.17 | 78.57 | NOTE | |
r-devel-linux-x86_64-fedora-clang | 0.1.2 | 132.11 | NOTE | |||
r-devel-linux-x86_64-fedora-gcc | 0.1.2 | 129.74 | NOTE | |||
r-devel-windows-x86_64 | 0.1.2 | 11.00 | 135.00 | 146.00 | NOTE | |
r-patched-linux-x86_64 | 0.1.2 | 7.68 | 91.20 | 98.88 | NOTE | |
r-release-linux-x86_64 | 0.1.2 | 6.89 | 93.17 | 100.06 | NOTE | |
r-release-macos-arm64 | 0.1.2 | 41.00 | NOTE | |||
r-release-macos-x86_64 | 0.1.2 | 71.00 | NOTE | |||
r-release-windows-x86_64 | 0.1.2 | 19.00 | 142.00 | 161.00 | NOTE | |
r-oldrel-macos-arm64 | 0.1.2 | 46.00 | NOTE | |||
r-oldrel-macos-x86_64 | 0.1.2 | 53.00 | NOTE | |||
r-oldrel-windows-ix86+x86_64 | 0.1.2 | 17.00 | 143.00 | 160.00 | NOTE |
Version: 0.1.2
Check: LazyData
Result: NOTE
'LazyData' is specified without a 'data' directory
Flavors: r-devel-linux-x86_64-debian-clang, r-devel-linux-x86_64-debian-gcc, r-devel-linux-x86_64-fedora-clang, r-devel-linux-x86_64-fedora-gcc, r-devel-windows-x86_64, r-patched-linux-x86_64, r-release-linux-x86_64, r-release-macos-arm64, r-release-macos-x86_64, r-release-windows-x86_64, r-oldrel-macos-arm64, r-oldrel-macos-x86_64, r-oldrel-windows-ix86+x86_64