Last updated on 2022-08-15 08:49:56 CEST.
Flavor | Version | Tinstall | Tcheck | Ttotal | Status | Flags |
---|---|---|---|---|---|---|
r-devel-linux-x86_64-debian-clang | 0.1.2 | 20.14 | 31.16 | 51.30 | WARN | |
r-devel-linux-x86_64-debian-gcc | 0.1.2 | 15.74 | 24.20 | 39.94 | OK | |
r-devel-linux-x86_64-fedora-clang | 0.1.2 | 77.61 | WARN | |||
r-devel-linux-x86_64-fedora-gcc | 0.1.2 | 73.69 | OK | |||
r-devel-windows-x86_64 | 0.1.2 | 27.00 | 74.00 | 101.00 | OK | |
r-patched-linux-x86_64 | 0.1.2 | 19.31 | 30.09 | 49.40 | OK | |
r-release-linux-x86_64 | 0.1.2 | 18.29 | 30.14 | 48.43 | OK | |
r-release-macos-arm64 | 0.1.2 | 22.00 | OK | |||
r-release-macos-x86_64 | 0.1.2 | 33.00 | OK | |||
r-release-windows-x86_64 | 0.1.2 | 21.00 | 75.00 | 96.00 | OK | |
r-oldrel-macos-arm64 | 0.1.2 | 25.00 | OK | |||
r-oldrel-macos-x86_64 | 0.1.2 | 33.00 | OK | |||
r-oldrel-windows-ix86+x86_64 | 0.1.2 | 51.00 | 118.00 | 169.00 | OK |
Version: 0.1.2
Check: whether package can be installed
Result: WARN
Found the following significant warnings:
code.cpp:64:9: warning: use of bitwise '&' with boolean operands [-Wbitwise-instead-of-logical]
Flavors: r-devel-linux-x86_64-debian-clang, r-devel-linux-x86_64-fedora-clang