Last updated on 2022-08-15 08:49:56 CEST.
Flavor | Version | Tinstall | Tcheck | Ttotal | Status | Flags |
---|---|---|---|---|---|---|
r-devel-linux-x86_64-debian-clang | 0.2.4 | 4.29 | 52.02 | 56.31 | OK | |
r-devel-linux-x86_64-debian-gcc | 0.2.4 | 3.12 | 38.34 | 41.46 | OK | |
r-devel-linux-x86_64-fedora-clang | 0.2.4 | 75.93 | NOTE | |||
r-devel-linux-x86_64-fedora-gcc | 0.2.4 | 75.34 | NOTE | |||
r-devel-windows-x86_64 | 0.2.4 | 30.00 | 84.00 | 114.00 | OK | |
r-patched-linux-x86_64 | 0.2.4 | 4.37 | 47.95 | 52.32 | OK | |
r-release-linux-x86_64 | 0.2.4 | 4.06 | 48.05 | 52.11 | OK | |
r-release-macos-arm64 | 0.2.4 | 29.00 | NOTE | |||
r-release-macos-x86_64 | 0.2.4 | 35.00 | NOTE | |||
r-release-windows-x86_64 | 0.2.4 | 7.00 | 86.00 | 93.00 | OK | |
r-oldrel-macos-arm64 | 0.2.4 | 21.00 | NOTE | |||
r-oldrel-macos-x86_64 | 0.2.4 | 32.00 | NOTE | |||
r-oldrel-windows-ix86+x86_64 | 0.2.4 | 10.00 | 75.00 | 85.00 | OK |
Version: 0.2.4
Check: dependencies in R code
Result: NOTE
Namespaces in Imports field not imported from:
‘collapse’ ‘data.table’ ‘fst’ ‘kit’ ‘magrittr’ ‘matrixStats’
All declared Imports should be used.
Flavors: r-devel-linux-x86_64-fedora-clang, r-devel-linux-x86_64-fedora-gcc, r-release-macos-arm64, r-release-macos-x86_64, r-oldrel-macos-arm64, r-oldrel-macos-x86_64