Last updated on 2022-08-15 08:49:56 CEST.
Flavor | Version | Tinstall | Tcheck | Ttotal | Status | Flags |
---|---|---|---|---|---|---|
r-devel-linux-x86_64-debian-clang | 0.1.3 | 5.91 | 64.51 | 70.42 | NOTE | |
r-devel-linux-x86_64-debian-gcc | 0.1.3 | 3.93 | 48.19 | 52.12 | NOTE | |
r-devel-linux-x86_64-fedora-clang | 0.1.3 | 91.35 | NOTE | |||
r-devel-linux-x86_64-fedora-gcc | 0.1.3 | 92.23 | NOTE | |||
r-devel-windows-x86_64 | 0.1.3 | 9.00 | 88.00 | 97.00 | NOTE | |
r-patched-linux-x86_64 | 0.1.3 | 4.85 | 59.56 | 64.41 | NOTE | |
r-release-linux-x86_64 | 0.1.3 | 4.67 | 60.38 | 65.05 | NOTE | |
r-release-macos-arm64 | 0.1.3 | 29.00 | NOTE | |||
r-release-macos-x86_64 | 0.1.3 | 56.00 | NOTE | |||
r-release-windows-x86_64 | 0.1.3 | 10.00 | 91.00 | 101.00 | NOTE | |
r-oldrel-macos-arm64 | 0.1.3 | 32.00 | NOTE | |||
r-oldrel-macos-x86_64 | 0.1.3 | 48.00 | NOTE | |||
r-oldrel-windows-ix86+x86_64 | 0.1.3 | 16.00 | 83.00 | 99.00 | NOTE |
Version: 0.1.3
Check: LazyData
Result: NOTE
'LazyData' is specified without a 'data' directory
Flavors: r-devel-linux-x86_64-debian-clang, r-devel-linux-x86_64-debian-gcc, r-devel-linux-x86_64-fedora-clang, r-devel-linux-x86_64-fedora-gcc, r-devel-windows-x86_64, r-patched-linux-x86_64, r-release-linux-x86_64, r-release-macos-arm64, r-release-macos-x86_64, r-release-windows-x86_64, r-oldrel-macos-arm64, r-oldrel-macos-x86_64, r-oldrel-windows-ix86+x86_64