Last updated on 2022-08-15 08:49:56 CEST.
Flavor | Version | Tinstall | Tcheck | Ttotal | Status | Flags |
---|---|---|---|---|---|---|
r-devel-linux-x86_64-debian-clang | 0.6 | 100.92 | 35.78 | 136.70 | OK | |
r-devel-linux-x86_64-debian-gcc | 0.6 | 92.30 | 27.29 | 119.59 | OK | |
r-devel-linux-x86_64-fedora-clang | 0.6 | 204.43 | OK | |||
r-devel-linux-x86_64-fedora-gcc | 0.6 | 204.18 | OK | |||
r-devel-windows-x86_64 | 0.6 | 81.00 | 79.00 | 160.00 | OK | |
r-patched-linux-x86_64 | 0.6 | 91.79 | 34.58 | 126.37 | OK | |
r-release-linux-x86_64 | 0.6 | 85.97 | 34.36 | 120.33 | OK | |
r-release-macos-arm64 | 0.6 | 50.00 | NOTE | |||
r-release-macos-x86_64 | 0.6 | 63.00 | NOTE | |||
r-release-windows-x86_64 | 0.6 | 96.00 | 86.00 | 182.00 | OK | |
r-oldrel-macos-arm64 | 0.6 | 54.00 | NOTE | |||
r-oldrel-macos-x86_64 | 0.6 | 83.00 | NOTE | |||
r-oldrel-windows-ix86+x86_64 | 0.6 | 248.00 | 94.00 | 342.00 | OK |
Version: 0.6
Check: installed package size
Result: NOTE
installed size is 8.4Mb
sub-directories of 1Mb or more:
libs 8.3Mb
Flavors: r-release-macos-arm64, r-release-macos-x86_64, r-oldrel-macos-arm64, r-oldrel-macos-x86_64