Last updated on 2022-08-15 08:49:56 CEST.
Flavor | Version | Tinstall | Tcheck | Ttotal | Status | Flags |
---|---|---|---|---|---|---|
r-devel-linux-x86_64-debian-clang | 1.1-8 | 1008.09 | 170.05 | 1178.14 | NOTE | |
r-devel-linux-x86_64-debian-gcc | 1.1-8 | 893.55 | 162.26 | 1055.81 | NOTE | |
r-devel-linux-x86_64-fedora-clang | 1.1-8 | 1346.56 | NOTE | |||
r-devel-linux-x86_64-fedora-gcc | 1.1-8 | 1835.92 | NOTE | |||
r-devel-windows-x86_64 | 1.1-8 | 594.00 | 278.00 | 872.00 | NOTE | |
r-patched-linux-x86_64 | 1.1-8 | 876.75 | 223.66 | 1100.41 | NOTE | |
r-release-linux-x86_64 | 1.1-8 | 915.50 | 219.49 | 1134.99 | NOTE | |
r-release-macos-arm64 | 1.1-8 | 379.00 | NOTE | |||
r-release-macos-x86_64 | 1.1-8 | 546.00 | NOTE | |||
r-release-windows-x86_64 | 1.1-8 | 567.00 | 280.00 | 847.00 | NOTE | |
r-oldrel-macos-arm64 | 1.1-8 | 310.00 | NOTE | |||
r-oldrel-macos-x86_64 | 1.1-8 | 532.00 | NOTE | |||
r-oldrel-windows-ix86+x86_64 | 1.1-8 | 1947.00 | 333.00 | 2280.00 | NOTE |
Version: 1.1-8
Check: for GNU extensions in Makefiles
Result: NOTE
GNU make is a SystemRequirements.
Flavors: r-devel-linux-x86_64-debian-clang, r-devel-linux-x86_64-debian-gcc, r-devel-linux-x86_64-fedora-clang, r-devel-linux-x86_64-fedora-gcc, r-devel-windows-x86_64, r-patched-linux-x86_64, r-release-linux-x86_64, r-release-macos-arm64, r-release-macos-x86_64, r-release-windows-x86_64, r-oldrel-macos-arm64, r-oldrel-macos-x86_64, r-oldrel-windows-ix86+x86_64
Version: 1.1-8
Check: installed package size
Result: NOTE
installed size is 12.2Mb
sub-directories of 1Mb or more:
libs 11.2Mb
Flavors: r-devel-linux-x86_64-fedora-clang, r-devel-windows-x86_64, r-release-macos-arm64, r-release-macos-x86_64, r-release-windows-x86_64, r-oldrel-macos-arm64, r-oldrel-macos-x86_64, r-oldrel-windows-ix86+x86_64