Last updated on 2022-08-15 08:49:56 CEST.
Flavor | Version | Tinstall | Tcheck | Ttotal | Status | Flags |
---|---|---|---|---|---|---|
r-devel-linux-x86_64-debian-clang | 0.1.1 | 227.30 | 105.91 | 333.21 | OK | |
r-devel-linux-x86_64-debian-gcc | 0.1.1 | 174.35 | 88.70 | 263.05 | OK | |
r-devel-linux-x86_64-fedora-clang | 0.1.1 | 494.76 | OK | |||
r-devel-linux-x86_64-fedora-gcc | 0.1.1 | 464.06 | OK | |||
r-devel-windows-x86_64 | 0.1.1 | 302.00 | 163.00 | 465.00 | OK | |
r-patched-linux-x86_64 | 0.1.1 | 183.98 | 116.27 | 300.25 | OK | |
r-release-linux-x86_64 | 0.1.1 | 179.45 | 128.97 | 308.42 | OK | |
r-release-macos-arm64 | 0.1.1 | 103.00 | NOTE | |||
r-release-macos-x86_64 | 0.1.1 | 151.00 | NOTE | |||
r-release-windows-x86_64 | 0.1.1 | 181.00 | 173.00 | 354.00 | OK | |
r-oldrel-macos-arm64 | 0.1.1 | 128.00 | NOTE | |||
r-oldrel-macos-x86_64 | 0.1.1 | 145.00 | NOTE | |||
r-oldrel-windows-ix86+x86_64 | 0.1.1 | 560.00 | 260.00 | 820.00 | NOTE |
Version: 0.1.1
Check: installed package size
Result: NOTE
installed size is 9.7Mb
sub-directories of 1Mb or more:
data 2.7Mb
libs 6.7Mb
Flavors: r-release-macos-arm64, r-release-macos-x86_64, r-oldrel-macos-arm64, r-oldrel-macos-x86_64, r-oldrel-windows-ix86+x86_64