Last updated on 2022-08-15 08:49:56 CEST.
Flavor | Version | Tinstall | Tcheck | Ttotal | Status | Flags |
---|---|---|---|---|---|---|
r-devel-linux-x86_64-debian-clang | 0.1.2 | 28.02 | 56.11 | 84.13 | OK | |
r-devel-linux-x86_64-debian-gcc | 0.1.2 | 20.73 | 42.78 | 63.51 | OK | |
r-devel-linux-x86_64-fedora-clang | 0.1.2 | 120.16 | OK | |||
r-devel-linux-x86_64-fedora-gcc | 0.1.2 | 110.12 | OK | |||
r-devel-windows-x86_64 | 0.1.2 | 42.00 | 107.00 | 149.00 | OK | |
r-patched-linux-x86_64 | 0.1.2 | 21.80 | 53.30 | 75.10 | OK | |
r-release-linux-x86_64 | 0.1.2 | 15.32 | 54.36 | 69.68 | OK | |
r-release-macos-arm64 | 0.1.2 | 34.00 | OK | |||
r-release-macos-x86_64 | 0.1.2 | 58.00 | OK | |||
r-release-windows-x86_64 | 0.1.2 | 42.00 | 108.00 | 150.00 | OK | |
r-oldrel-macos-arm64 | 0.1.2 | 43.00 | OK | |||
r-oldrel-macos-x86_64 | 0.1.2 | 60.00 | OK | |||
r-oldrel-windows-ix86+x86_64 | 0.1.2 | 64.00 | 120.00 | 184.00 | NOTE |
Version: 0.1.2
Check: installed package size
Result: NOTE
installed size is 5.4Mb
sub-directories of 1Mb or more:
data 3.3Mb
libs 2.0Mb
Flavor: r-oldrel-windows-ix86+x86_64