Last updated on 2022-08-15 08:49:56 CEST.
Flavor | Version | Tinstall | Tcheck | Ttotal | Status | Flags |
---|---|---|---|---|---|---|
r-devel-linux-x86_64-debian-clang | 0.5-1 | 34.99 | 99.35 | 134.34 | NOTE | |
r-devel-linux-x86_64-debian-gcc | 0.5-1 | 27.82 | 77.44 | 105.26 | NOTE | |
r-devel-linux-x86_64-fedora-clang | 0.5-1 | 180.59 | NOTE | |||
r-devel-linux-x86_64-fedora-gcc | 0.5-1 | 184.62 | NOTE | |||
r-devel-windows-x86_64 | 0.5-1 | 43.00 | 169.00 | 212.00 | NOTE | |
r-patched-linux-x86_64 | 0.5-1 | 26.23 | 96.37 | 122.60 | OK | |
r-release-linux-x86_64 | 0.5-1 | 29.48 | 95.06 | 124.54 | OK | |
r-release-macos-arm64 | 0.5-1 | 62.00 | OK | |||
r-release-macos-x86_64 | 0.5-1 | 95.00 | OK | |||
r-release-windows-x86_64 | 0.5-1 | 46.00 | 175.00 | 221.00 | OK | |
r-oldrel-macos-arm64 | 0.5-1 | 75.00 | OK | |||
r-oldrel-macos-x86_64 | 0.5-1 | 101.00 | OK | |||
r-oldrel-windows-ix86+x86_64 | 0.5-1 | 87.00 | 179.00 | 266.00 | OK |
Version: 0.5-1
Check: package subdirectories
Result: NOTE
Problems with news in 'NEWS.md':
Cannot extract version info from the following section titles:
Other Changes
Flavors: r-devel-linux-x86_64-debian-clang, r-devel-linux-x86_64-debian-gcc, r-devel-linux-x86_64-fedora-clang, r-devel-linux-x86_64-fedora-gcc, r-devel-windows-x86_64
Version: 0.5-1
Check: HTML version of manual
Result: NOTE
Found the following HTML validation problems:
dfddm.html:192:1: Warning: unescaped & or unknown entity "∞"
pfddm.html:56:2: Warning: unescaped & or unknown entity "∞"
Flavors: r-devel-linux-x86_64-debian-clang, r-devel-linux-x86_64-debian-gcc, r-devel-linux-x86_64-fedora-clang, r-devel-linux-x86_64-fedora-gcc