Last updated on 2022-08-15 08:49:56 CEST.
Flavor | Version | Tinstall | Tcheck | Ttotal | Status | Flags |
---|---|---|---|---|---|---|
r-devel-linux-x86_64-debian-clang | 0.1.0 | 3.80 | 100.90 | 104.70 | NOTE | |
r-devel-linux-x86_64-debian-gcc | 0.1.0 | 3.26 | 74.95 | 78.21 | NOTE | |
r-devel-linux-x86_64-fedora-clang | 0.1.0 | 131.36 | NOTE | |||
r-devel-linux-x86_64-fedora-gcc | 0.1.0 | 136.47 | NOTE | |||
r-devel-windows-x86_64 | 0.1.0 | 12.00 | 118.00 | 130.00 | NOTE | |
r-patched-linux-x86_64 | 0.1.0 | 3.84 | 95.35 | 99.19 | NOTE | |
r-release-linux-x86_64 | 0.1.0 | 3.51 | 93.07 | 96.58 | NOTE | |
r-release-macos-arm64 | 0.1.0 | 31.00 | NOTE | |||
r-release-macos-x86_64 | 0.1.0 | 63.00 | NOTE | |||
r-release-windows-x86_64 | 0.1.0 | 14.00 | 121.00 | 135.00 | NOTE | |
r-oldrel-macos-arm64 | 0.1.0 | 38.00 | NOTE | |||
r-oldrel-macos-x86_64 | 0.1.0 | 60.00 | NOTE | |||
r-oldrel-windows-ix86+x86_64 | 0.1.0 | 10.00 | 122.00 | 132.00 | NOTE |
Version: 0.1.0
Check: LazyData
Result: NOTE
'LazyData' is specified without a 'data' directory
Flavors: r-devel-linux-x86_64-debian-clang, r-devel-linux-x86_64-debian-gcc, r-devel-linux-x86_64-fedora-clang, r-devel-linux-x86_64-fedora-gcc, r-devel-windows-x86_64, r-patched-linux-x86_64, r-release-linux-x86_64, r-release-macos-arm64, r-release-macos-x86_64, r-release-windows-x86_64, r-oldrel-macos-arm64, r-oldrel-macos-x86_64, r-oldrel-windows-ix86+x86_64