Last updated on 2022-08-15 08:49:56 CEST.
Flavor | Version | Tinstall | Tcheck | Ttotal | Status | Flags |
---|---|---|---|---|---|---|
r-devel-linux-x86_64-debian-clang | 1.0-3 | 3.05 | 35.18 | 38.23 | NOTE | |
r-devel-linux-x86_64-debian-gcc | 1.0-3 | 2.36 | 27.47 | 29.83 | NOTE | |
r-devel-linux-x86_64-fedora-clang | 1.0-3 | 58.45 | NOTE | |||
r-devel-linux-x86_64-fedora-gcc | 1.0-3 | 55.28 | NOTE | |||
r-devel-windows-x86_64 | 1.0-3 | 22.00 | 57.00 | 79.00 | NOTE | |
r-patched-linux-x86_64 | 1.0-3 | 4.35 | 32.43 | 36.78 | OK | |
r-release-linux-x86_64 | 1.0-3 | 3.23 | 32.29 | 35.52 | OK | |
r-release-macos-arm64 | 1.0-3 | 25.00 | OK | |||
r-release-macos-x86_64 | 1.0-3 | 26.00 | OK | |||
r-release-windows-x86_64 | 1.0-3 | 9.00 | 67.00 | 76.00 | OK | |
r-oldrel-macos-arm64 | 1.0-3 | 22.00 | OK | |||
r-oldrel-macos-x86_64 | 1.0-3 | 30.00 | OK | |||
r-oldrel-windows-ix86+x86_64 | 1.0-3 | 9.00 | 45.00 | 54.00 | OK |
Version: 1.0-3
Check: Rd files
Result: NOTE
checkRd: (-1) morse.Rd:40: Escaped LaTeX specials: \#
checkRd: (-1) noRegMin.Rd:23: Escaped LaTeX specials: \#
checkRd: (-1) noRegMin.Rd:24: Escaped LaTeX specials: \#
checkRd: (-1) regMin.Rd:24: Escaped LaTeX specials: \#
Flavors: r-devel-linux-x86_64-debian-clang, r-devel-linux-x86_64-debian-gcc, r-devel-linux-x86_64-fedora-clang, r-devel-linux-x86_64-fedora-gcc, r-devel-windows-x86_64
Version: 1.0-3
Check: compiled code
Result: NOTE
File ‘fechner/libs/fechner.so’:
Found no calls to: ‘R_registerRoutines’, ‘R_useDynamicSymbols’
It is good practice to register native routines and to disable symbol
search.
See ‘Writing portable packages’ in the ‘Writing R Extensions’ manual.
Flavors: r-devel-linux-x86_64-fedora-clang, r-devel-linux-x86_64-fedora-gcc