Last updated on 2022-08-15 08:49:56 CEST.
Flavor | Version | Tinstall | Tcheck | Ttotal | Status | Flags |
---|---|---|---|---|---|---|
r-devel-linux-x86_64-debian-clang | 1.4 | 4.62 | 26.73 | 31.35 | NOTE | |
r-devel-linux-x86_64-debian-gcc | 1.4 | 3.84 | 20.67 | 24.51 | NOTE | |
r-devel-linux-x86_64-fedora-clang | 1.4 | 48.98 | NOTE | |||
r-devel-linux-x86_64-fedora-gcc | 1.4 | 45.83 | NOTE | |||
r-devel-windows-x86_64 | 1.4 | 31.00 | 51.00 | 82.00 | NOTE | |
r-patched-linux-x86_64 | 1.4 | 4.02 | 24.81 | 28.83 | OK | |
r-release-linux-x86_64 | 1.4 | 3.78 | 25.32 | 29.10 | OK | |
r-release-macos-arm64 | 1.4 | 18.00 | OK | |||
r-release-macos-x86_64 | 1.4 | 25.00 | OK | |||
r-release-windows-x86_64 | 1.4 | 10.00 | 50.00 | 60.00 | OK | |
r-oldrel-macos-arm64 | 1.4 | 23.00 | OK | |||
r-oldrel-macos-x86_64 | 1.4 | 27.00 | OK | |||
r-oldrel-windows-ix86+x86_64 | 1.4 | 7.00 | 46.00 | 53.00 | OK |
Version: 1.4
Check: Rd files
Result: NOTE
checkRd: (-1) fermicatsR.Rd:31: Escaped LaTeX specials: \&
Flavors: r-devel-linux-x86_64-debian-clang, r-devel-linux-x86_64-debian-gcc, r-devel-linux-x86_64-fedora-clang, r-devel-linux-x86_64-fedora-gcc, r-devel-windows-x86_64