Last updated on 2022-08-15 08:49:56 CEST.
Flavor | Version | Tinstall | Tcheck | Ttotal | Status | Flags |
---|---|---|---|---|---|---|
r-devel-linux-x86_64-debian-clang | 1.4.7 | 10.21 | 182.75 | 192.96 | OK | |
r-devel-linux-x86_64-debian-gcc | 1.4.7 | 7.19 | 134.66 | 141.85 | OK | |
r-devel-linux-x86_64-fedora-clang | 1.4.7 | 234.21 | NOTE | |||
r-devel-linux-x86_64-fedora-gcc | 1.4.7 | 238.70 | NOTE | |||
r-devel-windows-x86_64 | 1.4.7 | 13.00 | 263.00 | 276.00 | OK | |
r-patched-linux-x86_64 | 1.4.7 | 7.61 | 174.85 | 182.46 | OK | |
r-release-linux-x86_64 | 1.4.7 | 8.14 | 173.81 | 181.95 | OK | |
r-release-macos-arm64 | 1.4.7 | 128.00 | NOTE | |||
r-release-macos-x86_64 | 1.4.7 | 211.00 | NOTE | |||
r-release-windows-x86_64 | 1.4.7 | 113.00 | 278.00 | 391.00 | OK | |
r-oldrel-macos-arm64 | 1.4.7 | 140.00 | NOTE | |||
r-oldrel-macos-x86_64 | 1.4.7 | 180.00 | NOTE | |||
r-oldrel-windows-ix86+x86_64 | 1.4.7 | 25.00 | 285.00 | 310.00 | OK |
Version: 1.4.7
Check: dependencies in R code
Result: NOTE
Namespace in Imports field not imported from: ‘nflreadr’
All declared Imports should be used.
Flavors: r-devel-linux-x86_64-fedora-clang, r-devel-linux-x86_64-fedora-gcc, r-release-macos-arm64, r-release-macos-x86_64, r-oldrel-macos-arm64, r-oldrel-macos-x86_64