Last updated on 2022-08-15 08:49:56 CEST.
Flavor | Version | Tinstall | Tcheck | Ttotal | Status | Flags |
---|---|---|---|---|---|---|
r-devel-linux-x86_64-debian-clang | 1.1.10 | 8.27 | 101.95 | 110.22 | NOTE | |
r-devel-linux-x86_64-debian-gcc | 1.1.10 | 6.07 | 74.32 | 80.39 | NOTE | |
r-devel-linux-x86_64-fedora-clang | 1.1.10 | 136.66 | NOTE | |||
r-devel-linux-x86_64-fedora-gcc | 1.1.10 | 141.16 | NOTE | |||
r-devel-windows-x86_64 | 1.1.10 | 41.00 | 119.00 | 160.00 | NOTE | |
r-patched-linux-x86_64 | 1.1.10 | 6.15 | 94.51 | 100.66 | NOTE | |
r-release-linux-x86_64 | 1.1.10 | 4.60 | 94.06 | 98.66 | NOTE | |
r-release-macos-arm64 | 1.1.10 | 37.00 | NOTE | |||
r-release-macos-x86_64 | 1.1.10 | 70.00 | NOTE | |||
r-release-windows-x86_64 | 1.1.10 | 40.00 | 121.00 | 161.00 | NOTE | |
r-oldrel-macos-arm64 | 1.1.10 | 44.00 | NOTE | |||
r-oldrel-macos-x86_64 | 1.1.10 | 55.00 | NOTE | |||
r-oldrel-windows-ix86+x86_64 | 1.1.10 | 18.00 | 120.00 | 138.00 | NOTE |
Version: 1.1.10
Check: LazyData
Result: NOTE
'LazyData' is specified without a 'data' directory
Flavors: r-devel-linux-x86_64-debian-clang, r-devel-linux-x86_64-debian-gcc, r-devel-linux-x86_64-fedora-clang, r-devel-linux-x86_64-fedora-gcc, r-devel-windows-x86_64, r-patched-linux-x86_64, r-release-linux-x86_64, r-release-macos-arm64, r-release-macos-x86_64, r-release-windows-x86_64, r-oldrel-macos-arm64, r-oldrel-macos-x86_64, r-oldrel-windows-ix86+x86_64
Version: 1.1.10
Check: HTML version of manual
Result: NOTE
Found the following HTML validation problems:
plot_tag_status_by_subquadrat.html:92:96: Warning: inserting implicit <p>
plot_tag_status_by_subquadrat.html:92:96: Warning: trimming empty <p>
Flavors: r-devel-linux-x86_64-debian-clang, r-devel-linux-x86_64-debian-gcc, r-devel-linux-x86_64-fedora-clang, r-devel-linux-x86_64-fedora-gcc