Last updated on 2022-08-15 08:49:56 CEST.
Flavor | Version | Tinstall | Tcheck | Ttotal | Status | Flags |
---|---|---|---|---|---|---|
r-devel-linux-x86_64-debian-clang | 1.2.7 | 6.88 | 74.33 | 81.21 | NOTE | |
r-devel-linux-x86_64-debian-gcc | 1.2.7 | 5.31 | 54.63 | 59.94 | NOTE | |
r-devel-linux-x86_64-fedora-clang | 1.2.7 | 105.41 | NOTE | |||
r-devel-linux-x86_64-fedora-gcc | 1.2.7 | 107.34 | NOTE | |||
r-devel-windows-x86_64 | 1.2.7 | 10.00 | 98.00 | 108.00 | OK | |
r-patched-linux-x86_64 | 1.2.7 | 10.29 | 67.09 | 77.38 | OK | |
r-release-linux-x86_64 | 1.2.7 | 5.68 | 67.05 | 72.73 | OK | |
r-release-macos-arm64 | 1.2.7 | 28.00 | OK | |||
r-release-macos-x86_64 | 1.2.7 | 59.00 | OK | |||
r-release-windows-x86_64 | 1.2.7 | 47.00 | 100.00 | 147.00 | OK | |
r-oldrel-macos-arm64 | 1.2.7 | 33.00 | OK | |||
r-oldrel-macos-x86_64 | 1.2.7 | 50.00 | OK | |||
r-oldrel-windows-ix86+x86_64 | 1.2.7 | 17.00 | 93.00 | 110.00 | OK |
Version: 1.2.7
Check: HTML version of manual
Result: NOTE
Found the following HTML validation problems:
add_subquad.html:54:75: Warning: inserting implicit <p>
add_subquad.html:54:75: Warning: trimming empty <p>
recode_subquad.html:39:45: Warning: inserting implicit <p>
recode_subquad.html:39:45: Warning: trimming empty <p>
Flavors: r-devel-linux-x86_64-debian-clang, r-devel-linux-x86_64-debian-gcc, r-devel-linux-x86_64-fedora-clang, r-devel-linux-x86_64-fedora-gcc