Last updated on 2022-08-15 08:49:56 CEST.
Flavor | Version | Tinstall | Tcheck | Ttotal | Status | Flags |
---|---|---|---|---|---|---|
r-devel-linux-x86_64-debian-clang | 1.0.0 | 12.36 | 198.88 | 211.24 | OK | |
r-devel-linux-x86_64-debian-gcc | 1.0.0 | 8.71 | 146.58 | 155.29 | OK | |
r-devel-linux-x86_64-fedora-clang | 1.0.0 | 266.58 | NOTE | |||
r-devel-linux-x86_64-fedora-gcc | 1.0.0 | 275.25 | NOTE | |||
r-devel-windows-x86_64 | 1.0.0 | 25.00 | 325.00 | 350.00 | OK | |
r-patched-linux-x86_64 | 1.0.0 | 11.14 | 184.10 | 195.24 | OK | |
r-release-linux-x86_64 | 1.0.0 | 10.45 | 185.11 | 195.56 | OK | |
r-release-macos-arm64 | 1.0.0 | 83.00 | NOTE | |||
r-release-macos-x86_64 | 1.0.0 | 139.00 | NOTE | |||
r-release-windows-x86_64 | 1.0.0 | 25.00 | 337.00 | 362.00 | OK | |
r-oldrel-macos-arm64 | 1.0.0 | 110.00 | NOTE | |||
r-oldrel-macos-x86_64 | 1.0.0 | 176.00 | NOTE | |||
r-oldrel-windows-ix86+x86_64 | 1.0.0 | 28.00 | 292.00 | 320.00 | OK |
Version: 1.0.0
Check: dependencies in R code
Result: NOTE
Namespace in Imports field not imported from: ‘numDeriv’
All declared Imports should be used.
Flavors: r-devel-linux-x86_64-fedora-clang, r-devel-linux-x86_64-fedora-gcc, r-release-macos-arm64, r-release-macos-x86_64, r-oldrel-macos-arm64, r-oldrel-macos-x86_64