Last updated on 2022-08-15 08:49:56 CEST.
Flavor | Version | Tinstall | Tcheck | Ttotal | Status | Flags |
---|---|---|---|---|---|---|
r-devel-linux-x86_64-debian-clang | 0.4.0 | 7.30 | 70.36 | 77.66 | NOTE | |
r-devel-linux-x86_64-debian-gcc | 0.4.0 | 5.52 | 50.97 | 56.49 | NOTE | |
r-devel-linux-x86_64-fedora-clang | 0.4.0 | 102.62 | NOTE | |||
r-devel-linux-x86_64-fedora-gcc | 0.4.0 | 98.78 | NOTE | |||
r-devel-windows-x86_64 | 0.4.0 | 71.00 | 88.00 | 159.00 | NOTE | |
r-patched-linux-x86_64 | 0.4.0 | 8.30 | 64.08 | 72.38 | NOTE | |
r-release-linux-x86_64 | 0.4.0 | 7.07 | 65.99 | 73.06 | NOTE | |
r-release-macos-arm64 | 0.4.0 | 26.00 | NOTE | |||
r-release-macos-x86_64 | 0.4.0 | 52.00 | NOTE | |||
r-release-windows-x86_64 | 0.4.0 | 96.00 | 90.00 | 186.00 | NOTE | |
r-oldrel-macos-arm64 | 0.4.0 | 36.00 | NOTE | |||
r-oldrel-macos-x86_64 | 0.4.0 | 52.00 | NOTE | |||
r-oldrel-windows-ix86+x86_64 | 0.4.0 | 22.00 | 98.00 | 120.00 | NOTE |
Version: 0.4.0
Check: LazyData
Result: NOTE
'LazyData' is specified without a 'data' directory
Flavors: r-devel-linux-x86_64-debian-clang, r-devel-linux-x86_64-debian-gcc, r-devel-linux-x86_64-fedora-clang, r-devel-linux-x86_64-fedora-gcc, r-devel-windows-x86_64, r-patched-linux-x86_64, r-release-linux-x86_64, r-release-macos-arm64, r-release-macos-x86_64, r-release-windows-x86_64, r-oldrel-macos-arm64, r-oldrel-macos-x86_64, r-oldrel-windows-ix86+x86_64