Last updated on 2022-08-15 08:49:56 CEST.
Flavor | Version | Tinstall | Tcheck | Ttotal | Status | Flags |
---|---|---|---|---|---|---|
r-devel-linux-x86_64-debian-clang | 3.5.7 | 4.93 | 34.97 | 39.90 | NOTE | |
r-devel-linux-x86_64-debian-gcc | 3.5.7 | 3.95 | 26.52 | 30.47 | NOTE | |
r-devel-linux-x86_64-fedora-clang | 3.5.7 | 59.43 | NOTE | |||
r-devel-linux-x86_64-fedora-gcc | 3.5.7 | 57.15 | NOTE | |||
r-devel-windows-x86_64 | 3.5.7 | 81.00 | 67.00 | 148.00 | NOTE | |
r-patched-linux-x86_64 | 3.5.7 | 4.44 | 33.12 | 37.56 | OK | |
r-release-linux-x86_64 | 3.5.7 | 3.82 | 33.55 | 37.37 | OK | |
r-release-macos-arm64 | 3.5.7 | 20.00 | OK | |||
r-release-macos-x86_64 | 3.5.7 | 27.00 | OK | |||
r-release-windows-x86_64 | 3.5.7 | 53.00 | 69.00 | 122.00 | OK | |
r-oldrel-macos-arm64 | 3.5.7 | 23.00 | OK | |||
r-oldrel-macos-x86_64 | 3.5.7 | 39.00 | OK | |||
r-oldrel-windows-ix86+x86_64 | 3.5.7 | 14.00 | 63.00 | 77.00 | OK |
Version: 3.5.7
Check: Rd files
Result: NOTE
checkRd: (-1) bitspec.Rd:8: Escaped LaTeX specials: \&
Flavors: r-devel-linux-x86_64-debian-clang, r-devel-linux-x86_64-debian-gcc, r-devel-linux-x86_64-fedora-clang, r-devel-linux-x86_64-fedora-gcc, r-devel-windows-x86_64