Last updated on 2022-08-15 08:49:56 CEST.
Flavor | Version | Tinstall | Tcheck | Ttotal | Status | Flags |
---|---|---|---|---|---|---|
r-devel-linux-x86_64-debian-clang | 1.0.0 | 28.17 | 72.50 | 100.67 | NOTE | |
r-devel-linux-x86_64-debian-gcc | 1.0.0 | 23.81 | 52.22 | 76.03 | NOTE | |
r-devel-linux-x86_64-fedora-clang | 1.0.0 | 140.43 | NOTE | |||
r-devel-linux-x86_64-fedora-gcc | 1.0.0 | 131.92 | NOTE | |||
r-devel-windows-x86_64 | 1.0.0 | 32.00 | 113.00 | 145.00 | NOTE | |
r-patched-linux-x86_64 | 1.0.0 | 23.62 | 69.28 | 92.90 | NOTE | |
r-release-linux-x86_64 | 1.0.0 | 25.06 | 69.05 | 94.11 | NOTE | |
r-release-macos-arm64 | 1.0.0 | 40.00 | NOTE | |||
r-release-macos-x86_64 | 1.0.0 | 50.00 | NOTE | |||
r-release-windows-x86_64 | 1.0.0 | 33.00 | 114.00 | 147.00 | NOTE | |
r-oldrel-macos-arm64 | 1.0.0 | 41.00 | NOTE | |||
r-oldrel-macos-x86_64 | 1.0.0 | 63.00 | NOTE | |||
r-oldrel-windows-ix86+x86_64 | 1.0.0 | 75.00 | 123.00 | 198.00 | NOTE |
Version: 1.0.0
Check: LazyData
Result: NOTE
'LazyData' is specified without a 'data' directory
Flavors: r-devel-linux-x86_64-debian-clang, r-devel-linux-x86_64-debian-gcc, r-devel-linux-x86_64-fedora-clang, r-devel-linux-x86_64-fedora-gcc, r-devel-windows-x86_64, r-patched-linux-x86_64, r-release-linux-x86_64, r-release-macos-arm64, r-release-macos-x86_64, r-release-windows-x86_64, r-oldrel-macos-arm64, r-oldrel-macos-x86_64, r-oldrel-windows-ix86+x86_64