Last updated on 2022-08-15 08:49:56 CEST.
Flavor | Version | Tinstall | Tcheck | Ttotal | Status | Flags |
---|---|---|---|---|---|---|
r-devel-linux-x86_64-debian-clang | 0.29 | 6.43 | 27.50 | 33.93 | OK | |
r-devel-linux-x86_64-debian-gcc | 0.29 | 4.65 | 21.17 | 25.82 | OK | |
r-devel-linux-x86_64-fedora-clang | 0.29 | 51.94 | NOTE | |||
r-devel-linux-x86_64-fedora-gcc | 0.29 | 49.26 | NOTE | |||
r-devel-windows-x86_64 | 0.29 | 18.00 | 57.00 | 75.00 | OK | |
r-patched-linux-x86_64 | 0.29 | 6.12 | 26.94 | 33.06 | OK | |
r-release-linux-x86_64 | 0.29 | 5.96 | 26.92 | 32.88 | OK | |
r-release-macos-arm64 | 0.29 | 19.00 | OK | |||
r-release-macos-x86_64 | 0.29 | 27.00 | OK | |||
r-release-windows-x86_64 | 0.29 | 14.00 | 58.00 | 72.00 | OK | |
r-oldrel-macos-arm64 | 0.29 | 27.00 | OK | |||
r-oldrel-macos-x86_64 | 0.29 | 33.00 | OK | |||
r-oldrel-windows-ix86+x86_64 | 0.29 | 13.00 | 38.00 | 51.00 | OK |
Version: 0.29
Check: compiled code
Result: NOTE
File ‘fishMod/libs/fishMod.so’:
Found no calls to: ‘R_registerRoutines’, ‘R_useDynamicSymbols’
It is good practice to register native routines and to disable symbol
search.
See ‘Writing portable packages’ in the ‘Writing R Extensions’ manual.
Flavors: r-devel-linux-x86_64-fedora-clang, r-devel-linux-x86_64-fedora-gcc