Last updated on 2022-08-15 08:49:56 CEST.
Flavor | Version | Tinstall | Tcheck | Ttotal | Status | Flags |
---|---|---|---|---|---|---|
r-devel-linux-x86_64-debian-clang | 0.1.4 | 8.70 | 206.95 | 215.65 | OK | |
r-devel-linux-x86_64-debian-gcc | 0.1.4 | 8.26 | 140.68 | 148.94 | OK | |
r-devel-linux-x86_64-fedora-clang | 0.1.4 | 260.17 | OK | |||
r-devel-linux-x86_64-fedora-gcc | 0.1.4 | 263.25 | OK | |||
r-devel-windows-x86_64 | 0.1.4 | 21.00 | 206.00 | 227.00 | OK | |
r-patched-linux-x86_64 | 0.1.4 | 10.88 | 196.80 | 207.68 | OK | |
r-release-linux-x86_64 | 0.1.4 | 10.72 | 198.22 | 208.94 | OK | |
r-release-macos-arm64 | 0.1.4 | 60.00 | OK | |||
r-release-macos-x86_64 | 0.1.4 | 85.00 | ERROR | |||
r-release-windows-x86_64 | 0.1.4 | 47.00 | 206.00 | 253.00 | OK | |
r-oldrel-macos-arm64 | 0.1.4 | 58.00 | OK | |||
r-oldrel-macos-x86_64 | 0.1.4 | 88.00 | ERROR | |||
r-oldrel-windows-ix86+x86_64 | 0.1.4 | 23.00 | 231.00 | 254.00 | OK |
Version: 0.1.4
Check: tests
Result: ERROR
Running ‘testthat.R’ [28s/28s]
Running the tests in ‘tests/testthat.R’ failed.
Last 13 lines of output:
> library(testthat)
> library(fitHeavyTail)
>
> test_check("fitHeavyTail")
[ FAIL 1 | WARN 0 | SKIP 0 | PASS 71 ]
══ Failed tests ════════════════════════════════════════════════════════════════
── Failure (test-fit_mvst.R:43:3): default mode works ──────────────────────────
...[] not equal to ...[].
Component "num_iterations": Mean relative difference: 0.002739726
[ FAIL 1 | WARN 0 | SKIP 0 | PASS 71 ]
Error: Test failures
Execution halted
Flavors: r-release-macos-x86_64, r-oldrel-macos-x86_64