Last updated on 2022-08-15 08:49:56 CEST.
Flavor | Version | Tinstall | Tcheck | Ttotal | Status | Flags |
---|---|---|---|---|---|---|
r-devel-linux-x86_64-debian-clang | 1.4.1-1 | 8.07 | 171.98 | 180.05 | OK | |
r-devel-linux-x86_64-debian-gcc | 1.4.1-1 | 8.68 | 120.83 | 129.51 | OK | |
r-devel-linux-x86_64-fedora-clang | 1.4.1-1 | 220.37 | NOTE | |||
r-devel-linux-x86_64-fedora-gcc | 1.4.1-1 | 211.85 | OK | |||
r-devel-windows-x86_64 | 1.4.1-1 | 104.00 | 206.00 | 310.00 | OK | |
r-patched-linux-x86_64 | 1.4.1-1 | 13.33 | 159.74 | 173.07 | OK | |
r-release-linux-x86_64 | 1.4.1-1 | 10.20 | 155.79 | 165.99 | OK | |
r-release-macos-arm64 | 1.4.1-1 | 50.00 | OK | |||
r-release-macos-x86_64 | 1.4.1-1 | 72.00 | OK | |||
r-release-windows-x86_64 | 1.4.1-1 | 15.00 | 198.00 | 213.00 | OK | |
r-oldrel-macos-arm64 | 1.4.1-1 | 62.00 | OK | |||
r-oldrel-macos-x86_64 | 1.4.1-1 | 103.00 | OK | |||
r-oldrel-windows-ix86+x86_64 | 1.4.1-1 | 18.00 | 222.00 | 240.00 | OK |
Version: 1.4.1-1
Check: Rd cross-references
Result: NOTE
Undeclared packages ‘BinaryEPPM’, ‘extraDistr’, ‘triangle’ in Rd xrefs
Flavor: r-devel-linux-x86_64-fedora-clang