Last updated on 2022-08-15 08:49:56 CEST.
Flavor | Version | Tinstall | Tcheck | Ttotal | Status | Flags |
---|---|---|---|---|---|---|
r-devel-linux-x86_64-debian-clang | 0.2.0 | 7.08 | 62.58 | 69.66 | OK | |
r-devel-linux-x86_64-debian-gcc | 0.2.0 | 5.31 | 46.26 | 51.57 | OK | |
r-devel-linux-x86_64-fedora-clang | 0.2.0 | 94.60 | NOTE | |||
r-devel-linux-x86_64-fedora-gcc | 0.2.0 | 89.23 | NOTE | |||
r-devel-windows-x86_64 | 0.2.0 | 10.00 | 82.00 | 92.00 | OK | |
r-patched-linux-x86_64 | 0.2.0 | 5.40 | 58.05 | 63.45 | OK | |
r-release-linux-x86_64 | 0.2.0 | 6.26 | 58.29 | 64.55 | OK | |
r-release-macos-arm64 | 0.2.0 | 23.00 | NOTE | |||
r-release-macos-x86_64 | 0.2.0 | 52.00 | NOTE | |||
r-release-windows-x86_64 | 0.2.0 | 24.00 | 83.00 | 107.00 | OK | |
r-oldrel-macos-arm64 | 0.2.0 | 34.00 | NOTE | |||
r-oldrel-macos-x86_64 | 0.2.0 | 39.00 | NOTE | |||
r-oldrel-windows-ix86+x86_64 | 0.2.0 | 17.00 | 78.00 | 95.00 | OK |
Version: 0.2.0
Check: dependencies in R code
Result: NOTE
Namespace in Imports field not imported from: ‘jsonlite’
All declared Imports should be used.
Flavors: r-devel-linux-x86_64-fedora-clang, r-devel-linux-x86_64-fedora-gcc, r-release-macos-arm64, r-release-macos-x86_64, r-oldrel-macos-arm64, r-oldrel-macos-x86_64