Last updated on 2022-08-15 08:49:56 CEST.
Flavor | Version | Tinstall | Tcheck | Ttotal | Status | Flags |
---|---|---|---|---|---|---|
r-devel-linux-x86_64-debian-clang | 0.1.0 | 3.12 | 31.84 | 34.96 | NOTE | |
r-devel-linux-x86_64-debian-gcc | 0.1.0 | 2.42 | 23.68 | 26.10 | NOTE | |
r-devel-linux-x86_64-fedora-clang | 0.1.0 | 52.30 | NOTE | |||
r-devel-linux-x86_64-fedora-gcc | 0.1.0 | 50.02 | NOTE | |||
r-devel-windows-x86_64 | 0.1.0 | 8.00 | 54.00 | 62.00 | NOTE | |
r-patched-linux-x86_64 | 0.1.0 | 2.62 | 29.23 | 31.85 | OK | |
r-release-linux-x86_64 | 0.1.0 | 2.84 | 29.45 | 32.29 | OK | |
r-release-macos-arm64 | 0.1.0 | 16.00 | OK | |||
r-release-macos-x86_64 | 0.1.0 | 24.00 | OK | |||
r-release-windows-x86_64 | 0.1.0 | 9.00 | 53.00 | 62.00 | OK | |
r-oldrel-macos-arm64 | 0.1.0 | 18.00 | OK | |||
r-oldrel-macos-x86_64 | 0.1.0 | 28.00 | OK | |||
r-oldrel-windows-ix86+x86_64 | 0.1.0 | 6.00 | 48.00 | 54.00 | OK |
Version: 0.1.0
Check: Rd files
Result: NOTE
checkRd: (-1) fitmixEM.Rd:51: Escaped LaTeX specials: \&
Flavors: r-devel-linux-x86_64-debian-clang, r-devel-linux-x86_64-debian-gcc, r-devel-linux-x86_64-fedora-clang, r-devel-linux-x86_64-fedora-gcc, r-devel-windows-x86_64