Last updated on 2022-08-15 08:49:56 CEST.
Flavor | Version | Tinstall | Tcheck | Ttotal | Status | Flags |
---|---|---|---|---|---|---|
r-devel-linux-x86_64-debian-clang | 0.1.0 | 66.51 | 174.50 | 241.01 | OK | |
r-devel-linux-x86_64-debian-gcc | 0.1.0 | 53.52 | 123.82 | 177.34 | OK | |
r-devel-linux-x86_64-fedora-clang | 0.1.0 | 311.66 | OK | |||
r-devel-linux-x86_64-fedora-gcc | 0.1.0 | 299.63 | OK | |||
r-devel-windows-x86_64 | 0.1.0 | 106.00 | 233.00 | 339.00 | NOTE | |
r-patched-linux-x86_64 | 0.1.0 | 59.13 | 169.00 | 228.13 | OK | |
r-release-linux-x86_64 | 0.1.0 | 56.41 | 169.55 | 225.96 | OK | |
r-release-macos-arm64 | 0.1.0 | 72.00 | NOTE | |||
r-release-macos-x86_64 | 0.1.0 | 114.00 | NOTE | |||
r-release-windows-x86_64 | 0.1.0 | 105.00 | 247.00 | 352.00 | NOTE | |
r-oldrel-macos-arm64 | 0.1.0 | 77.00 | NOTE | |||
r-oldrel-macos-x86_64 | 0.1.0 | 154.00 | NOTE | |||
r-oldrel-windows-ix86+x86_64 | 0.1.0 | 170.00 | 303.00 | 473.00 | NOTE |
Version: 0.1.0
Check: installed package size
Result: NOTE
installed size is 5.8Mb
sub-directories of 1Mb or more:
doc 1.9Mb
help 2.3Mb
libs 1.2Mb
Flavors: r-devel-windows-x86_64, r-release-macos-arm64, r-release-macos-x86_64, r-release-windows-x86_64, r-oldrel-macos-arm64, r-oldrel-macos-x86_64, r-oldrel-windows-ix86+x86_64