Last updated on 2022-08-15 08:49:56 CEST.
Flavor | Version | Tinstall | Tcheck | Ttotal | Status | Flags |
---|---|---|---|---|---|---|
r-devel-linux-x86_64-debian-clang | 1.92 | 19.88 | 145.26 | 165.14 | OK | |
r-devel-linux-x86_64-debian-gcc | 1.92 | 13.71 | 106.34 | 120.05 | OK | |
r-devel-linux-x86_64-fedora-clang | 1.92 | 202.95 | NOTE | |||
r-devel-linux-x86_64-fedora-gcc | 1.92 | 207.76 | OK | |||
r-devel-windows-x86_64 | 1.92 | 24.00 | 157.00 | 181.00 | OK | |
r-patched-linux-x86_64 | 1.92 | 12.83 | 133.88 | 146.71 | OK | |
r-release-linux-x86_64 | 1.92 | 12.18 | 133.25 | 145.43 | OK | |
r-release-macos-arm64 | 1.92 | 51.00 | OK | |||
r-release-macos-x86_64 | 1.92 | 89.00 | OK | |||
r-release-windows-x86_64 | 1.92 | 27.00 | 165.00 | 192.00 | OK | |
r-oldrel-macos-arm64 | 1.92 | 62.00 | OK | |||
r-oldrel-macos-x86_64 | 1.92 | 85.00 | OK | |||
r-oldrel-windows-ix86+x86_64 | 1.92 | 40.00 | 153.00 | 193.00 | OK |
Version: 1.92
Check: Rd cross-references
Result: NOTE
Undeclared package ‘mixture’ in Rd xrefs
Flavor: r-devel-linux-x86_64-fedora-clang