Last updated on 2022-08-15 08:49:56 CEST.
Flavor | Version | Tinstall | Tcheck | Ttotal | Status | Flags |
---|---|---|---|---|---|---|
r-devel-linux-x86_64-debian-clang | 1.4-1 | 10.72 | 90.69 | 101.41 | NOTE | |
r-devel-linux-x86_64-debian-gcc | 1.4-1 | 10.70 | 68.74 | 79.44 | NOTE | |
r-devel-linux-x86_64-fedora-clang | 1.4-1 | 134.25 | NOTE | |||
r-devel-linux-x86_64-fedora-gcc | 1.4-1 | 129.69 | NOTE | |||
r-devel-windows-x86_64 | 1.4-1 | 87.00 | 113.00 | 200.00 | NOTE | |
r-patched-linux-x86_64 | 1.4-1 | 10.89 | 84.86 | 95.75 | OK | |
r-release-linux-x86_64 | 1.4-1 | 9.24 | 86.71 | 95.95 | OK | |
r-release-macos-arm64 | 1.4-1 | 37.00 | OK | |||
r-release-macos-x86_64 | 1.4-1 | 58.00 | OK | |||
r-release-windows-x86_64 | 1.4-1 | 88.00 | 114.00 | 202.00 | OK | |
r-oldrel-macos-arm64 | 1.4-1 | 36.00 | OK | |||
r-oldrel-macos-x86_64 | 1.4-1 | 59.00 | OK | |||
r-oldrel-windows-ix86+x86_64 | 1.4-1 | 28.00 | 145.00 | 173.00 | OK |
Version: 1.4-1
Check: Rd files
Result: NOTE
checkRd: (-1) cclust.Rd:78: Escaped LaTeX specials: \&
checkRd: (-1) randIndex.Rd:53: Escaped LaTeX specials: \&
checkRd: (-1) vacmot.Rd:25: Escaped LaTeX specials: \&
checkRd: (-1) vacmot.Rd:28: Escaped LaTeX specials: \&
Flavors: r-devel-linux-x86_64-debian-clang, r-devel-linux-x86_64-debian-gcc, r-devel-linux-x86_64-fedora-clang, r-devel-linux-x86_64-fedora-gcc, r-devel-windows-x86_64