Last updated on 2022-08-15 08:49:56 CEST.
Flavor | Version | Tinstall | Tcheck | Ttotal | Status | Flags |
---|---|---|---|---|---|---|
r-devel-linux-x86_64-debian-clang | 2.2 | 80.68 | 412.07 | 492.75 | NOTE | |
r-devel-linux-x86_64-debian-gcc | 2.2 | 63.64 | 300.39 | 364.03 | NOTE | |
r-devel-linux-x86_64-fedora-clang | 2.2 | 605.48 | NOTE | |||
r-devel-linux-x86_64-fedora-gcc | 2.2 | 644.09 | NOTE | |||
r-devel-windows-x86_64 | 2.2 | 165.00 | 514.00 | 679.00 | OK | |
r-patched-linux-x86_64 | 2.2 | 72.12 | 386.09 | 458.21 | OK | |
r-release-linux-x86_64 | 2.2 | 69.75 | 383.45 | 453.20 | OK | |
r-release-macos-arm64 | 2.2 | 161.00 | OK | |||
r-release-macos-x86_64 | 2.2 | 225.00 | OK | |||
r-release-windows-x86_64 | 2.2 | 155.00 | 526.00 | 681.00 | OK | |
r-oldrel-macos-arm64 | 2.2 | 151.00 | OK | |||
r-oldrel-macos-x86_64 | 2.2 | 230.00 | OK | |||
r-oldrel-windows-ix86+x86_64 | 2.2 | 176.00 | 664.00 | 840.00 | OK |
Version: 2.2
Check: HTML version of manual
Result: NOTE
Found the following HTML validation problems:
GenF.html:115:32: Warning: trimming empty <code>
Flavors: r-devel-linux-x86_64-debian-clang, r-devel-linux-x86_64-debian-gcc, r-devel-linux-x86_64-fedora-clang, r-devel-linux-x86_64-fedora-gcc